 5986856 and 1224?
136
What is the greatest common factor of 7100 and 72089140?
1420
What is the greatest common divisor of 25522 and 26250?
14
Calculate the highest common divisor of 4228430 and 6224.
778
Calculate the greatest common factor of 340 and 1438676.
68
What is the highest common divisor of 247 and 2797717?
13
Calculate the greatest common divisor of 255401 and 4559.
97
Calculate the greatest common divisor of 126954 and 4482.
54
What is the highest common factor of 5632 and 1208240?
176
What is the greatest common divisor of 30321 and 55207803?
3369
What is the highest common factor of 38424 and 2438664?
24
Calculate the greatest common divisor of 2974712 and 702.
26
What is the greatest common divisor of 191385 and 1161?
9
What is the greatest common factor of 587262525 and 100?
25
What is the highest common divisor of 359637 and 329380?
383
What is the highest common divisor of 47310 and 1875?
15
What is the greatest common factor of 401625 and 53597250?
7875
What is the highest common divisor of 368 and 1233936752?
368
Calculate the greatest common factor of 3080 and 5668355.
385
What is the highest common divisor of 12265 and 121385?
55
What is the greatest common divisor of 1323 and 899208?
27
What is the greatest common factor of 20 and 2040985920?
20
What is the highest common divisor of 299940 and 74940?
60
What is the greatest common divisor of 475111 and 6070207?
2951
Calculate the highest common factor of 83 and 685473511.
83
What is the highest common divisor of 10362022 and 210849?
1049
Calculate the highest common factor of 26 and 1725858.
2
What is the highest common divisor of 8159968 and 32?
32
What is the greatest common divisor of 66418 and 6842?
22
What is the greatest common factor of 4420 and 1181160?
340
Calculate the highest common divisor of 58136 and 205504.
1352
What is the greatest common divisor of 35926293 and 1898?
949
What is the greatest common divisor of 364 and 1670084?
52
What is the greatest common divisor of 66 and 4756326?
6
What is the highest common divisor of 228 and 5502286?
38
Calculate the highest common factor of 25978651 and 31.
31
Calculate the highest common factor of 164734193 and 65.
13
What is the highest common factor of 13478712 and 156?
156
Calculate the highest common divisor of 10234 and 465409.
119
Calculate the highest common divisor of 112959 and 1487.
1
Calculate the greatest common divisor of 1789 and 428558528.
1789
What is the greatest common divisor of 11160 and 24735060?
180
What is the highest common factor of 744380 and 5215?
35
Calculate the highest common factor of 28201475 and 2325.
775
What is the highest common factor of 16409 and 786229?
61
Calculate the highest common divisor of 150309012 and 5019.
5019
What is the greatest common divisor of 63 and 10404873?
9
Calculate the greatest common factor of 1845 and 136422621.
369
What is the greatest common divisor of 63 and 1594824?
21
Calculate the greatest common factor of 14 and 418208.
14
What is the highest common factor of 130515 and 1221?
33
Calculate the greatest common factor of 4789660 and 910.
10
Calculate the highest common factor of 1318724 and 237446.
946
What is the highest common factor of 453100 and 22540?
460
What is the greatest common factor of 3880873 and 12707?
97
Calculate the greatest common factor of 7435 and 5603068045.
7435
What is the greatest common factor of 1296 and 21257640?
648
Calculate the greatest common factor of 87 and 4011165885.
87
Calculate the highest common divisor of 17720686 and 1.
1
Calculate the highest common divisor of 59013 and 680019.
249
Calculate the greatest common factor of 1012 and 96602.
22
What is the greatest common divisor of 304 and 30156838?
38
What is the greatest common factor of 18315324 and 20?
4
What is the highest common divisor of 515386353 and 1236?
309
Calculate the highest common factor of 38 and 79641293.
19
Calculate the highest common factor of 13279 and 88984.
49
What is the greatest common divisor of 540 and 67081180?
20
What is the greatest common factor of 333633840 and 3315?
255
What is the greatest common divisor of 348 and 5285511?
87
What is the highest common divisor of 1752 and 6872?
8
What is the greatest common divisor of 178 and 2257022200?
178
What is the highest common factor of 4275 and 102659850?
4275
Calculate the highest common divisor of 3455092 and 1527.
509
What is the greatest common factor of 280 and 34949128?
8
Calculate the highest common divisor of 39 and 271190478.
39
Calculate the highest common factor of 961 and 2496647.
31
Calculate the highest common divisor of 302716476 and 45.
9
Calculate the highest common divisor of 95 and 155794110.
95
What is the highest common divisor of 45595339 and 707?
101
What is the greatest common divisor of 1478444 and 88?
44
What is the highest common divisor of 4442 and 382274078?
4442
What is the greatest common divisor of 304 and 4444976?
16
Calculate the greatest common factor of 1115473 and 121799.
31
Calculate the greatest common factor of 203590894 and 1794.
598
Calculate the greatest common factor of 93153359 and 163.
163
Calculate the highest common divisor of 10626 and 1610598.
1518
Calculate the greatest common factor of 1436 and 173588.
4
Calculate the highest common divisor of 66 and 652586.
22
What is the highest common factor of 2314905 and 33540?
645
What is the greatest common factor of 12321 and 11687153?
1369
What is the greatest common factor of 369 and 173977473?
123
What is the greatest common factor of 1639356 and 32160?
804
What is the highest common divisor of 92056 and 130684?
148
Calculate the greatest common divisor of 1063629 and 684.
9
What is the greatest common factor of 14025 and 19963950?
1275
Calculate the highest common factor of 136 and 53657542.
34
What is the greatest common divisor of 97202 and 134978863?
6943
Calculate the highest common divisor of 650 and 1390690.
10
What is the highest common divisor of 6000 and 6744?
24
Calculate the highest common factor of 7968480 and 1248.
1248
Calculate the highest common factor of 27 and 301180059.
27
What is the greatest common divisor of 306 and 650012?
34
Calculate the highest common divisor of 13167188 and 1612.
124
Calculate the greatest common factor of 1138101 and 723.
3
What is the highest common factor of 68033422 and 2074?
2074
What is the greatest common factor of 37906448 and 3392?
848
What is the highest common divisor of 128904 and 24?
24
Calculate the highest common factor of 84916 and 48428248.
6532
What is the greatest common divisor of 19190280 and 60?
60
Calculate the highest common divisor of 28644 and 22929.
3
Calculate the greatest common divisor of 4410312 and 472.
8
Calculate the greatest common factor of 124610 and 4165.
85
Calculate the highest common factor of 127477 and 1428.
7
Calculate the greatest common factor of 175463232 and 96.
96
Calculate the greatest common factor of 895 and 68015.
5
What is the highest common factor of 200 and 3510525?
25
What is the greatest common divisor of 7772 and 5091124?
116
Calculate the highest common divisor of 64513328 and 784.
16
What is the highest common factor of 6012174 and 1806?
1806
Calculate the greatest common divisor of 721 and 5737821.
103
Calculate the greatest common divisor of 63 and 15992550.
63
What is the highest common factor of 2918 and 1068571600?
2918
What is the highest common divisor of 11626 and 696036994?
11626
What is the highest common divisor of 16742912 and 784?
16
Calculate the greatest common factor of 62352 and 56903128.
3464
Calculate the highest common divisor of 31270 and 336772.
118
Calculate the highest common factor of 18807576 and 1326.
102
Calculate the greatest common divisor of 23579 and 870791.
17
What is the greatest common divisor of 80 and 2073056?
16
What is the highest common divisor of 2946 and 1838795?
491
What is the highest common divisor of 410335260 and 75?
15
Calculate the greatest common divisor of 29502065 and 1888.
59
Calculate the highest common divisor of 19966 and 366.
2
Calculate the highest common divisor of 939 and 33163289.
313
What is the highest common factor of 159081806 and 21190?
4238
What is the greatest common factor of 2 and 3426285?
1
Calculate the gre